factor of 86 and 35389?
43
What is the greatest common factor of 7098 and 51?
3
What is the highest common divisor of 15 and 139020?
15
What is the greatest common divisor of 14 and 118188?
14
Calculate the greatest common factor of 320917 and 1345.
269
Calculate the highest common factor of 3192525 and 1575.
1575
What is the highest common factor of 68541 and 2325?
93
Calculate the greatest common factor of 2880 and 43232.
32
Calculate the greatest common divisor of 294 and 25326.
42
What is the greatest common factor of 1380 and 780?
60
Calculate the greatest common factor of 2080 and 10720.
160
What is the greatest common factor of 391 and 25177?
17
What is the greatest common divisor of 27560 and 7685?
265
What is the highest common factor of 665 and 124165?
95
Calculate the highest common factor of 71876 and 5712.
476
Calculate the greatest common divisor of 35 and 28952.
7
What is the greatest common divisor of 12 and 153486?
6
What is the greatest common divisor of 261 and 5940?
9
What is the highest common factor of 28 and 85883?
7
What is the greatest common factor of 5336 and 782?
46
Calculate the highest common divisor of 1053 and 1770561.
117
What is the highest common divisor of 10702 and 768?
2
What is the greatest common factor of 2822008 and 784?
392
Calculate the greatest common divisor of 22489 and 4707.
523
Calculate the greatest common divisor of 3925 and 6075.
25
What is the highest common divisor of 77 and 231286?
11
Calculate the greatest common divisor of 10074 and 414.
138
What is the greatest common factor of 2041394 and 34?
34
What is the highest common factor of 580 and 580?
580
Calculate the highest common divisor of 880 and 18084000.
880
What is the greatest common divisor of 23 and 2632074?
23
Calculate the greatest common factor of 248 and 888.
8
What is the highest common factor of 740 and 484922?
74
What is the greatest common factor of 10 and 67470?
10
Calculate the highest common factor of 352 and 104500.
44
Calculate the highest common divisor of 6054 and 138.
6
What is the greatest common factor of 143 and 3487?
11
Calculate the highest common factor of 101 and 764873.
101
What is the greatest common factor of 1826 and 1738?
22
Calculate the highest common divisor of 84 and 1127658.
42
What is the greatest common factor of 4216 and 744?
248
Calculate the highest common divisor of 30720 and 420.
60
Calculate the greatest common factor of 1408 and 2871.
11
What is the greatest common divisor of 150 and 119550?
150
Calculate the highest common factor of 295092 and 1008.
252
What is the highest common factor of 74493 and 217?
31
Calculate the greatest common factor of 238 and 2295.
17
What is the highest common divisor of 55625 and 45625?
625
What is the highest common divisor of 51 and 549?
3
What is the greatest common factor of 323 and 133?
19
What is the highest common divisor of 2177 and 7?
7
Calculate the greatest common factor of 4595 and 294999.
919
What is the greatest common divisor of 2032 and 304?
16
Calculate the highest common divisor of 147 and 18102.
21
What is the greatest common factor of 2261362 and 638?
58
Calculate the greatest common factor of 84 and 118740.
12
Calculate the highest common divisor of 534 and 19284.
6
Calculate the highest common factor of 7 and 6587.
7
What is the highest common factor of 284 and 39?
1
Calculate the highest common factor of 85080 and 240.
120
Calculate the greatest common factor of 4039 and 34043.
577
What is the highest common factor of 1892 and 14564?
44
Calculate the greatest common factor of 4641 and 91182.
273
What is the greatest common factor of 910 and 4844385?
455
Calculate the greatest common divisor of 37144 and 256.
8
What is the highest common divisor of 374 and 112438?
34
Calculate the greatest common factor of 96 and 73952.
32
Calculate the greatest common factor of 92976 and 64.
16
What is the greatest common divisor of 183 and 688873?
61
What is the highest common factor of 8239726 and 3183?
1061
What is the highest common factor of 451650 and 150?
150
What is the highest common factor of 4155 and 135?
15
What is the greatest common divisor of 424940 and 20?
20
Calculate the greatest common divisor of 364 and 16497.
13
Calculate the greatest common divisor of 323784 and 648.
216
What is the highest common divisor of 16 and 29168?
16
Calculate the highest common factor of 1443 and 48729.
111
What is the greatest common divisor of 1788 and 149894?
298
Calculate the greatest common divisor of 1336813 and 93.
31
What is the greatest common factor of 1487972 and 82?
82
Calculate the greatest common divisor of 848 and 2711056.
848
Calculate the highest common divisor of 3530 and 2955.
5
Calculate the greatest common factor of 2639 and 2429.
7
Calculate the highest common factor of 253 and 42614.
11
What is the highest common factor of 197652 and 98?
14
What is the greatest common factor of 12416 and 2716?
388
What is the highest common factor of 259 and 5920?
37
What is the greatest common factor of 30100 and 1100?
100
Calculate the greatest common factor of 192423 and 1547.
119
What is the highest common factor of 506 and 297?
11
Calculate the highest common divisor of 126 and 1415043.
63
Calculate the greatest common divisor of 306 and 21501.
9
What is the greatest common factor of 1862 and 2548?
98
Calculate the greatest common divisor of 77 and 9064.
11
Calculate the greatest common divisor of 101288 and 16808.
88
What is the greatest common divisor of 5369 and 95875?
767
What is the greatest common factor of 92 and 3003547?
23
What is the greatest common factor of 16 and 36778?
2
What is the highest common divisor of 240 and 73740?
60
Calculate the greatest common divisor of 12100 and 3509.
121
Calculate the greatest common factor of 976 and 288208.
16
What is the greatest common factor of 864 and 88812?
36
What is the highest common divisor of 800 and 5380?
20
Calculate the greatest common divisor of 15334 and 8528.
82
Calculate the highest common factor of 54758 and 1672.
418
Calculate the highest common divisor of 1495539 and 7704.
963
What is the highest common factor of 1984 and 589?
31
What is the highest common factor of 168 and 2542680?
168
Calculate the greatest common factor of 139264 and 17.
17
What is the highest common factor of 2015 and 451?
1
What is the highest common divisor of 106 and 67681?
53
What is the greatest common factor of 2637 and 54205?
293
What is the highest common divisor of 274291 and 295?
59
What is the greatest common divisor of 164488 and 72?
8
Calculate the greatest common divisor of 778 and 1047966.
778
What is the highest common divisor of 15 and 193?
1
Calculate the greatest common divisor of 84 and 1216908.
84
What is the greatest common factor of 768 and 1296?
48
Calculate the highest common divisor of 510 and 130.
10
What is the highest common divisor of 22 and 43032?
22
What is the highest common divisor of 6984 and 6048?
72
What is the highest common divisor of 191456 and 16?
16
Calculate the greatest common divisor of 2850 and 1516770.
570
Calculate the greatest common divisor of 55 and 7535.
55
Calculate the highest common divisor of 209967 and 138.
69
What is the highest common factor of 24725 and 2795?
215
What is the highest common divisor of 4 and 34828?
4
Calculate the greatest common divisor of 13242 and 24.
6
Calculate the highest common factor of 170 and 29954.
34
What is the highest common factor of 7571 and 402?
67
Calculate the greatest common divisor of 44513 and 49.
7
Calculate the greatest common factor of 2127474 and 905.
181
Calculate the greatest common factor of 328 and 546612.
164
What is the highest common factor of 11424 and 21504?
672
Calculate the highest common divisor of 12 and 1638.
6
Calculate the greatest common divisor of 31176 and 3384.
72
Calculate the highest common factor of 333931 and 442.
221
Calculate the highest common divisor of 788 and 264374.
394
What is the greatest common factor of 2 and 173772?
2
Calculate the highest common factor of 22920 and 192.
24
What is the highest common factor of 67818 and 20826?
534
What is the greatest common divisor of 2990 and 21905?
65
Calculate the greatest common factor of 570 and 1558.
38
Calculate the greatest c